9 - 33/(-44)*-8?
2
Let o(z) = -22*z**3 + 7*z**2 - 24*z - 124. What is the units digit of o(-8)?
0
Suppose 0 = 19*o - 21*o + 8. Let m be -1 - (2 - 0 - 15). Suppose -2*y = -o - m. What is the units digit of y?
8
Suppose 4*d - 41534 = -5*q, -2*q + 16616 = 38*d - 36*d. What is the hundreds digit of q?
3
Let c(x) = x**3 + 10*x**2 + 6*x - 6. Suppose -k - 19 = r + r, -k + 4*r = -11. Let l be c(k). What is the tens digit of l/2*(248/28 + -2)?
7
Suppose 0*t + 2*t = -i + 99, 156 = 3*t + 4*i. What is the tens digit of ((-1818)/24)/((-9)/t)?
0
Let p(w) = -5*w + 2*w + 2*w + 12 + 8. Let n be p(14). Let c(l) = -l**3 + 8*l**2 - 3*l - 8. What is the tens digit of c(n)?
4
Let w be (-3 + 6)/((-45)/(-105)). What is the units digit of 1005/w - 3/(-14)*2?
4
Suppose 8*p - 4*p - 24 = 0, -2*h - p = -58894. What is the hundreds digit of h?
4
Let m = 40 + -48. Let a(c) = -c**3 - 7*c**2 + 7*c - 3. Let j be a(m). Suppose -3*v = j*u - 328, 3*v + u - 2*u - 298 = 0. What is the hundreds digit of v?
1
Let r = -91856 + 135744. What is the thousands digit of r?
3
Suppose 0 = 15*j - 83657 - 39838. What is the thousands digit of j?
8
Let i = 41 - 56. Let h(c) = c**3 + 13*c**2 + 19*c + 20. Let a be h(i). What is the units digit of a/(-20) + 3/12?
6
Let x be (-1449)/(-10) - 3/(-30). Let d = 392 - x. What is the hundreds digit of d?
2
Let w(b) = -16*b + 228. Let u be w(-31). What is the hundreds digit of (8 + u/(-10))/((-2)/10)?
3
Suppose 53196 = 27426*d - 27422*d. What is the units digit of d?
9
Let j(p) = -p**3 + 5*p**2 + 9*p - 16. Let v be j(6). Let r(m) = -m**2 + 9*m + m**2 + 3 - 2*m**v + m**2. What is the tens digit of r(4)?
2
Let p = -31 + 22. Let l be (4 - 1) + p - 0. What is the units digit of (34*(-5)/(-15))/((-2)/l)?
4
What is the tens digit of 14883/9 + (-136)/(-102)?
5
Let m = 283 + -577. Let t = 673 - m. What is the units digit of t?
7
Let i be ((-10)/(-4))/(5/620). Let u(x) = 7*x - 54. Let g be u(-23). Let n = g + i. What is the tens digit of n?
9
Let u(s) = -12*s - 56. Let b be u(-6). Suppose -3*q = 3*r + 12, 4*q = 4*r - r - b. Let v(f) = -19*f - 1. What is the tens digit of v(q)?
7
Let w = 182 - 183. What is the hundreds digit of ((-3204)/8)/(w*(-15)/(-40))?
0
Suppose 16 = 7*n + 30. Let x = 1 - n. Suppose 5*i = 4*y - 63, 0 = x*y - 3*i + 8*i - 21. What is the tens digit of y?
1
Let h(n) = -3100*n - 353. What is the units digit of h(-3)?
7
Suppose -14*g - 39698 + 203176 = 0. What is the hundreds digit of g?
6
Suppose -4*a + a + 6 = 0. Suppose 3*q - 325 = -l, -a*l = 2 - 4. Suppose 18*c - 15*c = q. What is the units digit of c?
6
Suppose c = -4*c + 3*q + 1515, c - 5*q - 325 = 0. Suppose n = -2*n + c. Let k = -48 + n. What is the units digit of k?
2
Let u(a) = -27*a - 79. Let b be u(-3). Suppose -3*q + 4*d = -237 - 378, -b*d = 2*q - 424. What is the units digit of q?
9
Let p be (-4 - (-25294)/10) + 9/15. Suppose p = 6*r - 90. What is the tens digit of r?
3
Let k(y) be the first derivative of -y**4/4 + 5*y**3/3 + 3*y**2/2 - 7*y + 58. Let j = 0 + 5. What is the units digit of k(j)?
8
Let n = -48 - -50. Let s(x) = -10*x + x**n + 8 - 14*x**2 - 56*x**3 + 55*x**3. What is the units digit of s(-13)?
8
What is the hundreds digit of (-78)/14 + (-183)/427 - -2683?
6
Suppose 9*m - 29*m + 15*m = -33160. What is the thousands digit of m?
6
Suppose 5*p - 4*h = 273294, -4*p + 8*p - 5*h - 218628 = 0. What is the thousands digit of p?
4
Suppose -2*s - 2293 - 3703 = -2*f, -3*f - 5*s + 8994 = 0. Suppose -242 - f = -6*x. What is the units digit of x?
0
Suppose 4*r - 17323 + 16827 = 0. Let b(c) = 81*c - 1. Let v be b(1). Suppose v*z + r = 82*z. What is the units digit of z?
2
Suppose 28537 = 13*j - 36398. What is the hundreds digit of j?
9
Suppose -229553 = -33*n - 37493. Suppose 15*b - n = 10*b. What is the units digit of b?
4
Let v(d) = -11*d + 130. Let s be v(-23). Suppose 1 = 2*a - 15. Suppose a*k - s = 57. What is the tens digit of k?
5
Let p(l) = 12*l. Let s be p(10). Let j(k) = 7*k + 80. Let i be j(-11). Suppose -i*f = -8*f + s. What is the tens digit of f?
2
Suppose 6*j - 17807 = 12955. Suppose 0 = 3*a - 3*v - j, -3*a + 2172 = 3*v - 2979. What is the thousands digit of a?
1
Suppose 39*t = 50*t - 38*t + 289359. What is the hundreds digit of t?
7
Let q(v) = -65*v + 12. Let s be q(-3). Suppose z - 3*d - 175 = 0, -5*d + s = z - 0*z. What is the hundreds digit of z?
1
Suppose 0 = -32*l + 6*l - 468. Let c(f) = -2*f**2 - 43*f + 30. What is the units digit of c(l)?
6
Let w be (-63)/(-6)*(154/6 - 1). Let u = w + -185. Let j = u - 11. What is the units digit of j?
3
What is the thousands digit of (-24356)/14*(-588)/(-112)*(-4)/6?
6
Let y(l) = -l**3 - 29*l**2 - 150*l + 112. What is the units digit of y(-22)?
4
Let h(p) = 48*p**3 + p**2 - 14*p - 7. What is the tens digit of h(5)?
4
Suppose -w = -2*o - 13, 3*o - 9 = -5*w - o. Suppose -2*f + 6 = -2*r, r + 3 = 2*f - w*f. What is the units digit of (3 + (0 - f))*(-1)/(-3)?
1
What is the ten thousands digit of (4/(-5))/(94961112/(-6782930) - -14)?
5
Let o(v) = -24*v**3 + 176*v**2 + 27*v + 27. What is the units digit of o(-10)?
7
Let t(b) = -1055*b - 7. Let o be t(-1). Suppose 23*w - 18022 = -o. What is the units digit of w?
8
Let n(a) = -4*a. Let z be n(-2). Let o = 11513 + -11479. Suppose -7*q + z*q = o. What is the tens digit of q?
3
Suppose 6 = -m + 3. Let d be (-42)/(-4)*((-25)/m - 1). Suppose 9*j - 85 = d. What is the units digit of j?
8
Let x = -1 - -5. Suppose 0 = 3*l - c - 12, x*l + 16 = 8*l - 5*c. Suppose 0 = -3*o - l*u + 50 + 19, -69 = -3*o + u. What is the units digit of o?
3
What is the tens digit of (21/28*1516)/3?
7
Suppose 214 = 4*n - 78. Suppose 5*g - 70 = 3*g. Let q = n - g. What is the units digit of q?
8
Let r(w) = 4*w**2 - 13*w - 8. Let t be 16/(-16)*(-12 - -1)*2. Suppose b - t = -15. What is the tens digit of r(b)?
9
Suppose 2*x - 31 = 2*v - 7, -5*x + 2*v = -69. Let w be 242/10 - -1 - 3/x. Suppose -226 = 23*q - w*q. What is the hundreds digit of q?
1
Suppose 0 = -6*n + 2*n - 3*w + 183, 3*n = 5*w + 130. Suppose -51*c = -n*c - 1038. What is the units digit of c?
3
Suppose -3*t + t + 5*h = -13, 3*t - 10 = -2*h. Let x be (-510)/20*t/(-6). Suppose -13*c - 140 = -x*c. What is the tens digit of c?
3
Let b be (-1 + 0)/(3/(-2502)). Suppose -b = 5*k + 121. Let q = -96 - k. What is the units digit of q?
5
Let u be (1/(-6))/(1/(-6) + 0). What is the hundreds digit of 441 + u + -4 + 42/6?
4
Let t = -1628 - -5188. What is the tens digit of t?
6
Suppose -119 = 3*v - 2*l, -5*v + 4*l = -0*v + 195. Let z be (-466)/12 - 11/66. Let r = z - v. What is the units digit of r?
4
Suppose -2*v - 4 = -2*j, -7 = v + 2*j - 2. Let w be 5 + (-4)/(-4) + v. Suppose 0 = -l + 2*u + 10, w*l - l - 44 = -4*u. What is the units digit of l?
6
Let d(a) = 4*a**2 + 3*a - 11. Let k be (-66)/(-8) + (-6)/24. Let m be d(k). Let u = -51 + m. What is the units digit of u?
8
Let q be (4 - 5)/(3/93). Let k = q - 8. Let z = k + 85. What is the tens digit of z?
4
Suppose 7 = -m - y, -m + 3*y = m + 9. Let p be (m/(-2) - (-8)/(-2)) + 437. Suppose p = 2*i + 2*i. What is the hundreds digit of i?
1
What is the hundreds digit of (-41)/123 + (-20866)/(-3)?
9
Let p = 1340 + -1336. Let r = 2 + -2. Suppose 0 = p*l - r*l - 3*m - 360, 2*l - 3*m - 174 = 0. What is the units digit of l?
3
Let r(j) = -1. Let q(z) = 137*z + 105. Let d(m) = q(m) - 6*r(m). What is the hundreds digit of d(5)?
7
Suppose 3*v - 48 = -3*g, -2*v + 59 = 4*g + v. Suppose 3*p - 7 = g. Suppose p*h = 5*h + 117. What is the tens digit of h?
1
Suppose -5*s + 17 = 32. Let t be s + 5 + 2 + 0. Suppose r + 273 = t*r. What is the tens digit of r?
9
What is the hundreds digit of (-7777035)/210*(-6)/7?
7
Let f = -47 - -49. Suppose -4*m + 16 = -2*o, o - 14 = -3*m + f*o. Suppose 0 = -m*w - w + 616. What is the units digit of w?
8
Suppose 52*y = 60*y. Suppose y = 79*l - 76*l - 1677. What is the units digit of l?
9
Let k(j) = -341*j + 5011. What is the tens digit of k(-38)?
6
Suppose -v - 5*m = -3*v + 10087, 3*m + 15153 = 3*v. What is the units digit of ((-2)/8)/(4/v*-4)?
9
Let b be 6/9 - 368/(-6). What is the hundreds digit of (-8860)/(-14) - (b/7 - 9)?
6
What is the tens digit of ((-90)/20)/((2/(-2))/734)?
0
Suppose 38292 = -114*s + 126*s. What is the hundreds digit of s?
1
Let o(f) = 6*f**3 - 49*f - 118. What is the tens digit of o(1